ose -98 - 97 = -39*y. Suppose -3*w - 2*b = -8*w + 5025, 0 = y*w + b - 5010. What is the tens digit of w?
0
Let q(r) = r**3 + r**2 - 9*r + 12. Let z be q(7). Suppose -8*m + z = -27. Suppose -39*i = -40*i + m. What is the units digit of i?
6
Let r(o) = 82*o**2 - 229*o + 241. What is the thousands digit of r(21)?
1
Let q(i) = 601*i**2 - 7*i + 7. Let c be q(1). Let l = c - 198. What is the hundreds digit of l?
4
Suppose -6427 = p - 2*t - 19607, 3*p - 2*t - 39532 = 0. What is the thousands digit of p?
3
What is the units digit of (-1299)/866*(-30741 + -1)?
3
Suppose s = 6*s + 75. Let b(n) = -6*n - 6 - 8 - 11 + 8. What is the tens digit of b(s)?
7
Suppose -4*f = 28, -31430 + 100991 = n - 5*f. What is the units digit of n?
6
Suppose 10 = 2*y - 8. Let p = -4414 + 4399. What is the units digit of 3/y - 505/p?
4
Let t be 84/24 - ((-15)/(-6) - 2). Suppose -489 = -t*g + 204. What is the hundreds digit of g?
2
Let f = 554 + 784. Suppose -5*x = 2*h - f, -655 = -h - x + 2*x. What is the tens digit of h?
5
Suppose 0 = 3*x - x. Let a be -21 + 16 + (8 - -1). What is the units digit of -2*8*(x - (a - -1))?
0
Let w = -14570 - -53055. What is the hundreds digit of w?
4
Suppose -k + 7479 + 21226 = -3*l, -3*k - 2*l = -86181. What is the units digit of k?
3
Let x be 33/77 + (-1 - 48/14). Let i(m) = -419*m - 51. What is the hundreds digit of i(x)?
6
Suppose 314*x - 313*x - 1529 = -5*a, 0 = -4*a - 8. What is the thousands digit of x?
1
What is the units digit of ((-1082)/10)/((-154)/(-3157) + 302/(-4510))?
1
Let c = -94 + 96. Let n(w) = 8*w**2 - 11*w. Let a be n(c). What is the hundreds digit of 2512/a - (-3)/(-15)?
2
Suppose -2660 - 1088 + 1228 = -56*w. What is the tens digit of w?
4
Suppose 0 = -17*s + 6*s + 110. Suppose -s = -3*l - 5*t + 22, 2*l - 22 = -3*t. What is the units digit of l?
4
Let b(s) = s**2 + 8*s - 38. Let t be b(-12). Let j be (5212/t - 1) + 2/(-10). Suppose 0*p - j = -4*p. What is the hundreds digit of p?
1
Let v(o) = -o**3 - 10*o**2 - 6*o + 9. Let h be v(-10). Let t = 80 - h. Suppose 0 = -t*l + 1218 + 1114. What is the units digit of l?
2
Let x(z) = 109*z**2 - 47*z - 338. What is the hundreds digit of x(-7)?
3
What is the tens digit of (1013488/(-7))/(-16) + -13?
3
Let k be ((-12)/(-4) - -1) + 58 + 0. What is the units digit of k*(6 - 12/6)?
8
Let z(o) = o + 15. Suppose 5*h = 5*d + 115 + 40, h + 59 = -2*d. Let j = d - -17. What is the units digit of z(j)?
2
Let c(v) = 425*v - 718. What is the units digit of c(57)?
7
What is the ten thousands digit of 2222/11*290/(-15)*-2*3?
2
Let z = -258 + 1280. What is the tens digit of z?
2
Suppose -6*c = -5*o - 9*c - 521, -2*o - 218 = -2*c. Let u = 109 + o. What is the hundreds digit of (-51)/34*(-458)/u?
2
Let a(i) be the second derivative of i**5/20 - 11*i**4/6 - 11*i**3/6 - 15*i**2/2 + 9*i + 6. What is the hundreds digit of a(23)?
2
Let h be -9 - 18 - (4 + -1 + 2). Let y = h + 252. What is the hundreds digit of y?
2
Suppose -h = -3*z - 4*h - 30, 4*z + 45 = -5*h. Let n(x) = x**3 + 19*x**2 + 8*x - 3. What is the hundreds digit of n(z)?
3
Let b = -15173 + 28837. Suppose 10168 = 24*u - b. What is the hundreds digit of u?
9
Let i(j) = -18928*j + 168. Let s(b) = 565*b - 5. Let o(u) = 5*i(u) + 168*s(u). Let k be 10/18*132/440*6. What is the tens digit of o(k)?
8
Let a(k) be the second derivative of -7*k**5/20 + k**4/3 + k**3 + k**2/2 - 7*k + 1. What is the tens digit of a(-4)?
8
Let a(u) = 4100*u + 90. What is the hundreds digit of a(9)?
9
Suppose -4*b + 130466 = 5*i - 0*i, -2*b - 3*i = -65232. What is the thousands digit of b?
2
What is the hundreds digit of (-28)/24 + (-7966273)/(-294)?
0
Let b(f) = 173*f - 39. Let d(c) = -2940*c + 665. Let m(z) = -35*b(z) - 2*d(z). What is the tens digit of m(-3)?
6
Let v be (7 + -3)/(2/(-180)*-4). Suppose q = 19*q - v. Suppose -3*y + q*k = -143 - 188, -5*y + 5*k + 555 = 0. What is the tens digit of y?
1
Let o = -88 + 92. Suppose o*c - 2556 = -4*r, 4*c + 2*r = r + 2556. What is the tens digit of c?
3
Let g(q) = 408*q**2 + 7*q + 7. Suppose 0 = h - 3*o - 11, o + 14 - 13 = 3*h. What is the units digit of g(h)?
8
What is the hundreds digit of (((-81)/4)/3)/((-48)/78592)?
0
Suppose 4*x + 116 = 5*g, 3*g - 96 = -10*x + 8*x. What is the tens digit of g?
2
Let r(y) be the third derivative of -11*y**6/120 + y**5/30 - y**3/3 + 4*y**2 - 3. What is the units digit of r(-2)?
4
Suppose 26*w + 168*w - 2742192 = 57*w. What is the thousands digit of w?
0
What is the units digit of 2 - (2*5/15 - (-198896)/(-12))?
6
Suppose 12440 = 2*c - h + 3*h, 5*h = -2*c + 12437. Suppose c = 20*d - 759. What is the hundreds digit of d?
3
Suppose 2*k + 4*s + 701 = 7*k, 0 = -5*k + 3*s + 702. What is the hundreds digit of (k + -19)*(-26)/4*-1?
7
Let q be 136/238 + (-1)/14*-34. Suppose -q*x + 411 = -x + o, 1035 = 5*x + 5*o. What is the hundreds digit of x?
2
Let v(z) be the third derivative of 39*z**2 - 7/6*z**3 + 5/24*z**4 + 0*z + 0. What is the units digit of v(2)?
3
Suppose 223*b - 476035 = 3442744. What is the tens digit of b?
7
Let l(k) = 183*k - 78. Let d be l(12). Suppose -d = -4*z + m + 703, -4*m = 2*z - 1388. What is the hundreds digit of z?
7
What is the thousands digit of 10/30 - (-1)/(6/44404)?
7
Let n(z) = 13*z + 12. Let u be n(-3). Let l = 57 + u. Let a = 153 - l. What is the units digit of a?
3
Let v = -21964 - -93137. What is the units digit of v?
3
Suppose 2 = c + k, 10 = 3*c + 4*k + 2. Let z be -1*(-3)/(-9)*(c + 0). Suppose -t + 5*s + 88 = z, -2*t + 4*t + 3*s = 228. What is the hundreds digit of t?
1
Let c(d) = -58*d**3 + 2*d**2 + 3*d + 11. Let g be c(-3). Suppose 2*m - g + 214 = 0. What is the tens digit of m?
8
What is the tens digit of 5 - -4 - (-2670)/3 - 8?
9
Suppose -123 = -10*r - 5393. Let c = 626 + r. What is the tens digit of c?
9
Let m = 611 + -978. Let z = 686 + m. What is the units digit of z?
9
Let i = -49 + 49. Suppose i = 2*k + 2*k + r - 15, -k + 15 = -2*r. Suppose -o - 359 = -k*t, 145 = 2*t - 3*o - 9. What is the units digit of t?
1
Let s(y) = -72*y + 3. Let m be s(-1). Suppose 3*n + 10 = n, 0 = 5*k - 3*n - m. What is the tens digit of 1684/16 + 21/k + -1?
0
Suppose -2*k + 3 = 3*b + 2, 5*b = -3*k + 3. Let a be (9/12)/(1/424). Suppose a = b*c + 15. What is the tens digit of c?
0
Suppose 14*m = 17*m - 21. What is the tens digit of 333 + (m - 3) - 2?
3
Let n = 67 + -92. Let f = n + 141. What is the tens digit of f?
1
Let s be (144/(-10))/(3 + (-999)/330). Suppose 0 = m - 2*m + s. What is the units digit of m?
8
Let r(x) = 4*x**2 + x**3 + 105 - 14*x + 6*x - 29*x**2 - 147. What is the units digit of r(26)?
6
What is the thousands digit of (-6)/14 - ((-1578071)/(-231))/(9/(-27))?
0
Let i(f) be the third derivative of 2*f**4/3 - 2*f**3/3 + 14*f**2. Let y be i(1). Suppose 0 = 3*t - y*t + 567. What is the units digit of t?
3
Let k = 1 - -4. Suppose 4*p - k*p = -0*p. Suppose -q + 61 = -5*d, p*q - 3*q + 131 = -2*d. What is the tens digit of q?
4
What is the units digit of -1 + ((-1599824)/(-80) - 12/(-10))?
8
Let g = 8739 - 5236. What is the units digit of g?
3
Suppose 0 = -2*d - 6*d - 120. Let z = d - -18. Suppose -z*f = 2*o - 80, 4*f = -f. What is the units digit of o?
0
Let x = 5496 + 1209. What is the tens digit of x?
0
Let k = 6240 + 6827. What is the hundreds digit of k?
0
Let q(k) = 6*k**3 + 2*k**2 + 5*k - 10. Let b be q(4). Let n = b - 236. Suppose 0 = -9*z + 566 + n. What is the tens digit of z?
8
Suppose -2*x = -5*j - 58810, 0 = 128*j - 125*j. What is the tens digit of x?
0
Suppose -o + 14 = 12. Suppose 6*d - 36 = o*d. Suppose d*v - 883 = -1. What is the units digit of v?
8
Let u(n) = n**3 + 7*n**2 + 7*n + 12. Let v(r) = -r**3 - 6*r**2 - 5. Suppose 0 = 8*l + 31 + 17. Let h be v(l). What is the units digit of u(h)?
7
Let z(f) = -14916*f**3 - 12*f**2 + 3*f + 5. What is the hundreds digit of z(-1)?
9
Suppose -31804 = -37*q + 21957. What is the units digit of q?
3
Let n(j) = 10*j - 42. Let t(l) = 5*l - 23. Let g(u) = 2*n(u) - 5*t(u). What is the units digit of g(6)?
1
Suppose -5*p + 136*s = 132*s - 98340, 0 = -7*p + 5*s + 137673. What is the hundreds digit of p?
6
Let c(u) = -7*u**3 + 18*u**2 - 44*u + 8. Let r(w) = -6*w**3 + 17*w**2 - 43*w + 7. Let b(x) = 5*c(x) - 6*r(x). What is the tens digit of b(12)?
5
Let y = 2010 + -1069. Let j = y - 420. What is the units digit of j?
1
Let q(